 = -43*q + 1207. Determine r(33).
-212
Let t(c) = c**2 + 234*c + 8069. What is t(-42)?
5
Let v(r) = -10*r**2 - 138*r + 568. Give v(-17).
24
Let v(q) = 1560*q + 3120. Calculate v(-2).
0
Let s(k) = 52*k**2 + 25*k - 4. Determine s(1).
73
Let u(h) = 11*h + 425. What is u(-38)?
7
Let t(l) = -125*l**3 + 1252*l**2 - 21*l + 3. Determine t(10).
-7
Let m(q) = -63*q - 1258. Give m(-20).
2
Let c(l) = l**3 - 24*l**2 + 12*l + 217. Determine c(23).
-36
Let b(k) = -4*k**2 + 256*k - 252. Calculate b(63).
0
Let t(b) = -12*b**2 + 80*b - 303. Give t(10).
-703
Let s(v) = -2*v**2 + 139*v - 309. Calculate s(67).
26
Let a(m) = m**2 - 74*m - 418. What is a(80)?
62
Let m(y) = -65*y - 3451. Calculate m(-54).
59
Let s(z) = -z**3 - 24*z**2 - 60*z - 321. Determine s(-22).
31
Let n(v) = -v**3 - 46*v**2 - 162*v - 5276. What is n(-45)?
-11
Let p(j) = 2*j**3 - 10*j**2 - 15*j - 29. Give p(7).
62
Let r(c) = -9*c - 54. Give r(-12).
54
Let y(j) = j**3 + 73*j**2 - 71*j - 78. What is y(-74)?
-300
Let y(s) = -885*s + 16913. Give y(19).
98
Let w(y) = -2*y**2 - 82*y - 28. Give w(-40).
52
Let y(s) = 6*s**2 + 423*s - 217. What is y(-71)?
-4
Let j(n) = n**2 - n - 21. Give j(-8).
51
Let p(o) = 18*o - 353. What is p(18)?
-29
Let t(f) = -4*f**2 + 63*f + 2855. Determine t(-20).
-5
Let a(v) = -61*v**2 - 19*v - 66. Determine a(-4).
-966
Let h(q) = 67*q + 114. What is h(-9)?
-489
Let d(x) = x**3 - 16*x**2 + 31*x + 45. What is d(-1)?
-3
Let m(p) = -3*p**3 + 153*p**2 - 250*p + 4995. What is m(50)?
-5
Let q(h) = -23*h**3 + h**2 - 5*h - 10. Give q(-2).
188
Let v(p) = -2225*p + 4261. Determine v(2).
-189
Let a(h) = h**3 - 6*h**2 - 12*h. Give a(-2).
-8
Let r(c) = -c**2 + 886*c + 4447. What is r(-5)?
-8
Let b(l) = -l**3 - 9*l**2 - 19*l + 9. Determine b(-5).
4
Let f(y) = 4*y**3 + 1456*y**2 - 1461*y - 359. What is f(-365)?
6
Let o(j) = -j**3 - 47*j**2 + 208*j - 22. What is o(4)?
-6
Let s(w) = -293*w + 2017. What is s(7)?
-34
Let p(w) = w**2 + 37*w + 137. Determine p(-5).
-23
Let a(z) = 4*z**2 + 3907*z + 3906. What is a(-1)?
3
Let n(b) = -b**2 - 147*b + 1123. What is n(7)?
45
Let j(w) = -5*w**2 - 266*w + 1793. Give j(6).
17
Let o(s) = -386*s + 1583. What is o(4)?
39
Let w(u) = -125*u - 2706. What is w(-22)?
44
Let b(n) = n**2 + 102*n + 623. What is b(-6)?
47
Let a(j) = -4*j**2 + 132*j - 24. Determine a(34).
-160
Let y(v) = -v**3 - 12*v**2 - 15*v - 5. Calculate y(-9).
-113
Let k(l) = -l**2 + 61*l - 363. What is k(59)?
-245
Let c(u) = u**3 + 8*u**2 + 14. Determine c(-9).
-67
Let k(x) = 18*x**2 - 117*x - 51. Determine k(7).
12
Let o(u) = -u**3 + u**2 - 14*u + 246. What is o(0)?
246
Let n(y) = 59*y - 103. Determine n(-2).
-221
Let c(z) = -4*z**2 + 5*z - 7. Give c(5).
-82
Let c(b) = -17*b**2 - 1112*b + 655. Determine c(-66).
-5
Let z(x) = -x**3 + 86*x**2 - 89*x - 245. What is z(85)?
-585
Let l(p) = 33*p - 35. Give l(-3).
-134
Let g(u) = u**3 + 7*u**2 - 7*u - 11. Calculate g(-6).
67
Let k(c) = -6847*c + 68467. What is k(10)?
-3
Let q(i) = 45*i + 181. Determine q(-4).
1
Let u(x) = 653*x + 3269. Determine u(-5).
4
Let q(v) = 216*v - 2174. Calculate q(10).
-14
Let y(v) = 12*v**2 - 241*v - 226. Calculate y(21).
5
Let u(l) = l**2 - 247*l + 14383. Calculate u(153).
1
Let q(j) = -2*j**2 + 7*j + 14. What is q(4)?
10
Let v(g) = 163*g + 32428. Calculate v(-199).
-9
Let y(c) = -3*c**2 - 986*c + 7043. What is y(7)?
-6
Let d(i) = -2*i**3 - 49*i**2 + 22*i - 6. Determine d(-25).
69
Let n(k) = -k**3 + 9*k**2 - 26*k + 203. What is n(10)?
-157
Let j(a) = -26*a - 343. Determine j(-11).
-57
Let d(w) = 3*w**2 + 189*w + 1332. Calculate d(-55).
12
Let d(s) = -s**2 - 129*s - 1083. Determine d(-120).
-3
Let a(f) = f**2 - 11*f - 33. Give a(21).
177
Let s(t) = -t**2 - 35*t - 40. Determine s(-27).
176
Let d(x) = 5*x - 114. What is d(32)?
46
Let r(h) = -3*h**2 + 117*h - 340. What is r(3)?
-16
Let o(r) = r**3 - 16*r**2 + 20*r + 25. Determine o(15).
100
Let u(f) = 2*f**3 + 11*f**2 - 8*f - 52. What is u(-8)?
-308
Let y(k) = 35*k + 1273. Give y(-36).
13
Let v(j) = 2*j**3 - 78*j**2 - 861*j - 86. Give v(48).
58
Let m(a) = -30*a + 29. Determine m(1).
-1
Let n(q) = -4*q**2 + 318*q + 2830. Calculate n(-9).
-356
Let h(y) = 6*y**3 + 122*y**2 + 39*y - 47. Give h(-20).
-27
Let o(f) = -3*f**3 + 108*f**2 - 107*f + 72. What is o(35)?
2
Let j(o) = -372*o - 4913. What is j(-13)?
-77
Let a(u) = u**2 + 26*u + 167. Determine a(-18).
23
Let c(w) = 3385*w - 33850. Determine c(10).
0
Let a(d) = d**3 + 81*d**2 - 79*d - 18717. Calculate a(-79).
6
Let z(h) = -h**3 - 7*h**2 - 27*h - 60. Calculate z(-4).
0
Let s(j) = 219*j - 7442. What is s(34)?
4
Let i(d) = -584*d + 4673. Give i(8).
1
Let r(s) = -12*s**2 - 112*s - 270. Determine r(-4).
-14
Let m(a) = 4*a**2 + 155*a - 57. What is m(-38)?
-171
Let c(q) = -2*q + 24. Give c(-14).
52
Let x(b) = -74*b**2 - 452*b + 7. What is x(-6)?
55
Let d(h) = -h**2 - 75*h - 68. Give d(-74).
6
Let y(j) = j**3 + 30*j**2 - 1066*j - 32090. Determine y(-31).
-5
Let g(u) = 37*u + 1324. Determine g(-35).
29
Let b(k) = -5*k - 161. Determine b(-29).
-16
Let a(w) = 103*w + 542. What is a(-5)?
27
Let b(t) = -771*t + 2318. Determine b(3).
5
Let d(r) = 96*r - 3374. Calculate d(35).
-14
Let u(l) = 64*l + 3581. Calculate u(-53).
189
Let y(f) = 11*f - 65. Give y(-5).
-120
Let t(i) = 3*i**3 - 57*i**2 - 65*i + 139. What is t(20)?
39
Let g(q) = -3*q**3 - 46*q**2 + 33*q + 10. Calculate g(-16).
-6
Let g(u) = u**2 - 29*u + 149. Determine g(4).
49
Let h(y) = y**3 + 11*y**2 + 7*y + 21. Give h(-10).
51
Let c(t) = t**3 - 15*t**2 - 23*t + 11. Calculate c(16).
-101
Let q(h) = -13*h - 665. Give q(-50).
-15
Let p(o) = -213*o**2 + 3810*o + 433. What is p(18)?
1
Let y(h) = 18*h - 1510. Give y(82).
-34
Let x(d) = -46*d + 4574. Give x(99).
20
Let o(u) = -8*u**3 + 358*u**2 + 91*u - 38. Give o(45).
7
Let v(u) = 254*u + 497. Give v(-2).
-11
Let h(a) = -a**3 - 8*a**2 + 5*a + 3. What is h(3)?
-81
Let y(d) = 4*d**2 - 305*d - 561. Determine y(78).
-15
Let m(a) = 101*a - 1041. Determine m(3).
-738
Let r(q) = q**3 - 4*q**2 - 22*q + 42. Determine r(-4).
2
Let g(m) = -m**3 + 46*m**2 - 130*m + 1855. Determine g(44).
7
Let s(o) = o**2 - 4*o - 92. Calculate s(-6).
-32
Let p(g) = g**3 - 66*g**2 - 17*g + 1060. Determine p(66).
-62
Let d(p) = -p**2 - 48*p - 324. Give d(-31).
203
Let x(i) = -234*i + 21295. Determine x(91).
1
Let f(c) = -8*c**2 - 5*c - 84. Give f(-5).
-259
Let u(j) = -j**3 + 17*j**2 + 171*j + 25. What is u(24)?
97
Let l(r) = 90*r + 1404. Calculate l(-17).
-126
Let z(x) = x**3 - 3*x**2 - x + 4. Determine z(2).
-2
Let i(u) = 84*u + 50. Determine i(-4).
-286
Let y(i) = 2*i**3 - i**2 - 6*i + 49. Calculate y(0).
49
Let l(t) = 2181*t - 148316. Determine l(68).
-8
Let v(f) = 58*f + 1375. Give v(-21).
157
Let x(a) = 3*a + 30. Give x(-20).
-30
Let r(k) = -3*k**3 + 54*k**2 + 7*k - 122. Determine r(18).
4
Let o(u) = -u**3 + 13*u**2 - 5*u + 94. What is o(13)?
29
Let b(k) = -49745*k - 99485. Give b(-2).
5
Let w(m) = -44*m + 1502. What is w(35)?
-38
Let p(g) = -g**3 - 65*g**2 + 3*g + 7. Determine p(4).
-1085
Let s(j) = -j - 161. Calculate s(29).
-190
Let r(g) = -2*g**2 - 21*g + 326. Give r(-19).
3
Let n(s) = -106*s + 972. Calculate n(6).
336
Let d(w) = w**3 - 202*w**2 + 1922*w - 373. What is d(192)?
11
Let m(v) = 20*v + 61. Determine m(-6).
-59
Let s(m) = -m**2 - 28*m - 198. What is s(-17)?
-11
Let m(n) = -n**3 - 25*n**2 - 107*n - 199. Calculate m(-20).
-59
Let p(v) = 54*v**2 - 282*v + 284. Give p(1).
56
Let h(b) = 25*b - 499. Determine h(21).
26
Let o(a) = -a**3 - 34*a**2 - 240*a - 190. Calculate o(-25).
185
Let k(c) = 3*c**2 - 39*c + 37. What is k(13)?
37
Let f(w) = -w**3 + 28*w**2 - 128*w - 143. Give f(7).
-10
Let j(s) = -2*s**3 + 83*s**2 - 44*s + 173. Give j(41).
50
Let d(l) = -170*l - 956. Determine d(0).
-956
Let j(q) = q**3 - 10*q**2 + 18*q + 13. Give j(5).
-22
Let h(w) = -4*w**2 - 8*w + 6. Calculate h(-1).
10
Let i(n) = -n**2 + 107*n - 304. What is i(104)?
8
Let t(k) = -k**3 - 10*k**2 - 29*k - 155. Give t(-9).
25
Let v(x) = x**3 + 27*x**2 - 139*x - 3120. Give v(-28).
-12
Let v(t) = -t**2 + 237*t - 6379. Determine v(31).
7
Let n(y) = -y**2 - 11*y + 205. Determine n(10).
-5
Let u(b) = b**2 + 142*b + 2331. What is u(-123)?
-6
Let y(z) = 3*z**2 - 97*z - 49. Determine y(33).
17
Let p(t) = -t**2 + 16*t + 40. What is p(18)?
4
Let q(s) = -3*s**2 + 44*s - 29. Calculate q(10).
111
L